hat is the tens digit of (-3)/p - (-477)/15?
3
Let j = 3623 - 2219. What is the thousands digit of j?
1
Let v = 521 + -156. Suppose 3*b - 250 = 4*h, -b + 5*b + h = v. What is the tens digit of b?
9
Let r(u) be the third derivative of -19*u**6/120 - u**5/60 - u**4/24 + u**3/6 + 2*u**2. Let g be r(1). What is the units digit of ((-6)/(-15))/((-2)/g)?
4
Let m(k) = 2*k**2 - 6*k - 9. Suppose 3*w = 62 + 19. Suppose -2*y = 3*c - 4*y - w, -3*c + 18 = y. What is the tens digit of m(c)?
4
Let m be 10/4 - (-2)/4. Let q = 220 - 215. Suppose q*b - 79 = 3*y, -m*b + 45 = -2*y + y. What is the tens digit of b?
1
Let k = 462 + -250. What is the hundreds digit of k?
2
Let i(o) = -o**2 + 1. Let z be i(-3). Let j = 18 + z. What is the tens digit of j?
1
Let l(n) = 22 - 14 - 8 + 39*n. What is the units digit of l(2)?
8
Let d(g) = -g**2 + 10*g - 4. Let f be (-2)/(-3) - (-14)/(-21). Let u = f - -7. What is the units digit of d(u)?
7
Suppose 0 = -a + 4*a. Suppose -v + 3 = -a*v. Suppose v*p - s = 69, -4*p - 4*s + 87 = -7*s. What is the units digit of p?
4
Suppose -20 = 4*r, 6*m - 5*r - 629 = 4*m. Suppose -5*q + g = -m, 4*q - 310 = -q + 5*g. What is the tens digit of q?
6
Let j be 1/(-3) + 294/18. What is the units digit of j/4 + 4 + 58?
6
Let x(k) = 3*k**3 + 2*k**2 - 6*k - 28. What is the units digit of x(6)?
6
Let q(m) = -2*m + 4*m**3 - 3*m**3 - 4*m**3 + 2 + 2*m**3 - 4*m**2. Let n be q(-3). What is the units digit of (126/(-70))/(n/15)?
7
What is the tens digit of (289/(-3))/((-4 + -1)/30)?
7
Let d be 81 + 9/(0 + -3). Let r = d - 18. What is the tens digit of r?
6
Let s = 8073 + -4160. What is the units digit of s?
3
Let m(q) = q**3 + q**2 + q + 5. Let k be m(0). Suppose -k*j + 386 = t, -75 = -j + t + t. What is the tens digit of j?
7
Let t(q) = 3*q**2 - 3*q - 3. Let h be t(-1). Suppose 832 = 5*b - 3*j, -45 - 131 = -b + h*j. What is the units digit of b?
4
Suppose -4*n + 3*w + 10 = 0, -4*w = -3*n - n + 8. Suppose 5*o - 2*r - 52 - 280 = 0, n*o - 5*r = 269. What is the tens digit of o?
6
Suppose -4*u + 40 = -z, 0 = z - 0*z. Let h = 100 + -205. What is the tens digit of (-8)/3*h/u?
2
Let f = -6 + 6. Suppose -n = 2*m - 86, f*n - 4*n - 66 = -2*m. What is the tens digit of m?
4
Suppose -3*q = -4*d + 1560, -3*q + 116 = d - 259. Suppose 7*b - d = 768. What is the hundreds digit of b?
1
Let g(h) = 5*h**2 - 3*h + 2. Suppose 0*a + 3*a = 12. Let x be g(a). What is the tens digit of 20/x - 257/(-7)?
3
Let c(v) = -2*v**2 - 11*v - 8. Let j be c(-7). Let z = -24 - j. Suppose k - 4*b = -2*k + 98, -3*k = -z*b - 97. What is the units digit of k?
4
What is the hundreds digit of (-1 + -18)*(-36 - 17)?
0
Suppose -6*u + 9*u + 2*l = 680, 5*u - 2*l - 1112 = 0. What is the tens digit of u?
2
Let h = -350 + 708. What is the tens digit of h?
5
Let g = 24 - 21. Suppose 0 = 4*b - g*v - 24, -6 = -2*b + b + 2*v. What is the units digit of (42/15)/(b/15)?
7
Let x(f) = -f - 4. Suppose -2*j = -0*j. Let b be x(j). What is the units digit of (-154)/(-30) + b/30?
5
Suppose -3*l + 1 = -4*l - 5*t, 0 = -2*t - 2. Suppose -x - 105 + 20 = -l*d, 22 = d - x. Let c = d - 6. What is the units digit of c?
5
Suppose -91 = -2*r + 29. Suppose -5*d = 5*k + r, -k + 0*k = 2*d + 12. Let n = k + 13. What is the units digit of n?
1
Let k(a) = -a**3 - 4*a**2 + 3*a + 11. Suppose -r = -44 + 14. Let g = -35 + r. What is the tens digit of k(g)?
2
Let i = 24 - -6. Suppose 3*t - i = 3*j, 0 = t + 2*t + 5*j - 38. What is the tens digit of t?
1
Suppose -4*r + 8 = 0, -84*r - 1592 = -2*x - 89*r. What is the tens digit of x?
9
Let u be 14*6*(-2)/(-4). Let l be (-1)/(-3 - u/(-15)). Suppose l*c - 87 = 33. What is the units digit of c?
4
Let k(u) = 5*u**3 - 4*u**2 - 8*u - 3. Let m(w) = w**3 - w. Let t(s) = k(s) - 6*m(s). Let d be t(-2). Let f = -5 - d. What is the units digit of f?
2
Let i(d) be the third derivative of 11*d**5/30 - d**4/4 + 5*d**3/3 - 12*d**2. What is the units digit of i(3)?
0
Let g = 82 - 78. Suppose 0*k - w = -g*k + 822, -4*w = 3*k - 626. What is the hundreds digit of k?
2
Suppose 0 = 33*c + 22817 - 54035. What is the units digit of c?
6
Let s = -529 - -1012. What is the hundreds digit of s?
4
Let t be (-27)/33 + 1 + 194/22. Suppose 0*u + 24 = 2*u. Suppose -u*p + t*p = -84. What is the tens digit of p?
2
Let q = 44 + -51. What is the tens digit of 12*q/(-28) - (1 + -45)?
4
Let v = -7 + 31. Suppose 2*f + 13 = -3*o, -37 = 3*f + 3*o - 2*o. Let g = v + f. What is the units digit of g?
0
What is the thousands digit of ((-85250)/93)/((-2)/6)?
2
Let r(z) = 42*z + 4. What is the tens digit of r(6)?
5
What is the tens digit of (4 + -2)*817/2?
1
Suppose -v - 5*w + 616 = 0, 7*v - 9*v - 4*w + 1220 = 0. What is the hundreds digit of v?
6
Let d = 403 + -299. What is the units digit of d?
4
Suppose 4*y + 25422 = 5*a, -5*a - 2*y + 25424 = -5*y. What is the tens digit of a?
8
Let b = 73 + 476. What is the tens digit of b?
4
Let f(k) = -3*k**2 + 38*k - 18. What is the tens digit of f(8)?
9
Suppose -n = -5*m - 46 + 159, -5*m + 98 = 4*n. Suppose 5*r - m = -d - 5, d = -r + 5. Suppose h - 4*y = 14, -r*h - 2*y + 15 = -69. What is the tens digit of h?
2
Let z(b) = b**3 - 3*b**2 - 5*b + 8. Let y be z(4). Suppose 1 = -q + y. Suppose 2*c - 63 = 2*w + 21, q*w - 194 = -5*c. What is the units digit of c?
0
Suppose 0*d = 4*d - 16, -2*b = 2*d - 1670. What is the units digit of b?
1
Suppose -26*i - 47*i + 91031 = 0. What is the thousands digit of i?
1
Let u = -65 + 68. Suppose -3*o + o = 2*g - 130, 0 = -3*g + u*o + 165. What is the units digit of g?
0
Let s = 6382 + -3503. What is the units digit of s?
9
Suppose 2*z = z + 17. Let f = -21 + z. Let j(g) = g**3 + 3*g**2 - 5*g. What is the units digit of j(f)?
4
Let d(a) be the second derivative of -13*a**5/20 - 2*a**3/3 + a**2/2 + 32*a. What is the tens digit of d(-2)?
1
Suppose 4*m = 2*k - 58, -2*m + 6*m - k + 57 = 0. What is the units digit of 14 + m + 3 + -1?
2
Let s(g) = 16*g**2 - 2*g + 1. Let h = -24 - -27. What is the tens digit of s(h)?
3
Suppose -8*o + 5 = -19. Suppose 0 = -o*t - 1 + 103. What is the tens digit of t?
3
Let b(a) = 2*a**2 + 16*a - 11. Let w be b(-8). What is the units digit of -1*-22*w/(-2)?
1
Let n(h) = h**3 - 3*h**2. Let o be n(3). Suppose -q + x + 72 = o, -x - x - 10 = 0. What is the units digit of q?
7
Suppose 91*x = 79*x + 9840. What is the hundreds digit of x?
8
Suppose w + 5*i = 160, -3*w + 412 = -0*w - 2*i. Suppose -6*x + w = -3*b - 2*x, 0 = -5*b + 2*x - 224. Let z = b - -83. What is the tens digit of z?
3
Suppose -5*i + 2*t - 6*t + 13041 = 0, -4*t - 4 = 0. What is the units digit of i?
9
Suppose -x - 3*l = -736, 9*x - 2*l - 2263 = 6*x. What is the tens digit of x?
5
Suppose 2*u - 2*n + 16 = 6*u, -n = u - 6. Suppose -5*k = 2*o + 2 - 22, u*o = 0. What is the units digit of k?
4
What is the thousands digit of -87 - -93 - (-1228 - (-4)/2)?
1
Suppose 3*c + 64 = 79. What is the units digit of 178/c*(-25)/(-5)?
8
Let r = -14 - -15. Suppose 0 = -2*j - 4, -s + 2*j + r = -3. What is the units digit of 2 - -20 - s/2?
2
Let c(w) = -w**2 + 5*w + 1. Let h be c(4). Suppose b + 3*s = -6, 0 = 4*b + h*s - 3*s + 4. Suppose b = 7*d - 33 + 5. What is the units digit of d?
4
Let w(f) = 2*f**2 - 12*f - 16. Let r be w(9). Let o = 328 - r. What is the tens digit of o?
9
Let o(h) = 260*h**2 + 72*h - 285. What is the thousands digit of o(4)?
4
Let u = 461 - 242. What is the hundreds digit of u?
2
Let l = -346 - -235. Let k = l - -316. What is the units digit of k?
5
Suppose 0 = -60*i + 40*i + 64740. What is the hundreds digit of i?
2
What is the tens digit of (-1125 - -17)/(2 + -4)?
5
Let w = -15 + 20. Suppose 2*q + 4*m - 14 = 0, -19 = -w*q - m - m. Suppose -q*n + 110 = 2*n. What is the tens digit of n?
2
Suppose 9*o - 67 = -4. What is the units digit of o?
7
Let x(d) = -d - 3. Let v be x(-4). Let f be v/(-3 + 5/2). Let y = 17 + f. What is the tens digit of y?
1
Let o = -59 + 161. What is the tens digit of (o/(-12))/((-1)/2)?
1
Suppose 3*o = 8*o + 15. Let f(q) = -q - 3. Let r be f(o). Let z = 20 - r. What is the tens digit of z?
2
Suppose -213 = 21*h - 4413. What is the hundreds digit of h?
2
Let k be (-6)/(-27) - 128/9. Let q = k + 16. Suppose 3*f + 4*z = -f + 40, -5*f + q*z = -85. What is the tens digit of f?
1
Let u(p) = 240*p + p**3 + 7 + 2*p**2 - 2*p**2 - 231*p. What is the units digit of u